h**3 + 32*h**3 + 24*h**2 + 27 + 13*h + 35*h**3. Is i(-17) a prime number?
False
Suppose 0 = 14*a - 5*a - 23859. Suppose -2*q - 1692 - 3612 = -2*p, p = 2*q + a. Is p a prime number?
False
Let j = -15 - -18. Suppose -108 = -j*a + 9. Suppose 3*x - 306 = -a. Is x a prime number?
True
Suppose p - 10157 + 2221 = -2*a, -5*a = 3*p - 23807. Is p a prime number?
False
Is 2/(-3) - 2546525/(-75) a prime number?
False
Let o be (30498/(-24))/(2/(1 + -9)). Suppose 0 = 2*i + i - j - o, 4*i - j - 6776 = 0. Is i prime?
True
Suppose r - 1 = m, 8 = r + 3. Let q(f) = 101*f**2 - 6*f + 6. Let k be q(2). Suppose m*l - 2*l - k = 0. Is l prime?
True
Let c = 99 - 328. Suppose 5*w = 2*p - 806, 0 = 4*p - 5*w + 263 - 1865. Let s = c + p. Is s prime?
False
Is (18 + 1)*(10040 - 1) prime?
False
Is 3009/(-4 - -5) + 2 a composite number?
False
Is 2 + 1049 + -3 - (4 + 1) composite?
True
Suppose -198 = -q + 3*w, 3*q + w = -3*w + 594. Let m = q + -73. Suppose -4*l - 100 - m = -f, 5*l = -5*f + 1175. Is f a composite number?
False
Suppose 918068 = 57*g + 11*g. Is g a composite number?
True
Let k = -22 + 26. Suppose k*o + 612 = 3128. Is o a composite number?
True
Suppose -7*w + 2*w + 5*r = -10, 23 = 4*w - r. Let t(v) = 2*v**3 + 8*v**2 + 8*v + 7. Is t(w) composite?
True
Is (-2)/(5088/(-17759) + 12/42) composite?
True
Let f = 110 + -327. Let a = 451 + f. Let q = a - 147. Is q prime?
False
Let n be (-86)/(3/(-6) - -1). Let d = 175 - n. Is d a composite number?
False
Let v(b) = 6258*b**2 + 20*b + 11. Is v(-3) prime?
False
Let c(k) = -5*k + 6*k - 6*k - 27. Let y be c(-6). Suppose 479 = 3*h + 2*b, -y*h - 29 + 504 = b. Is h a composite number?
False
Let u(r) be the third derivative of -r**5/60 + r**3/6 - r**2. Let f(x) = -222*x**3 - 4*x**2 + 5. Let v(s) = f(s) - 5*u(s). Is v(-1) prime?
True
Let b(k) = -6*k**2 - 8*k**2 - 217*k**3 - 1 - 163*k**3 + 12*k**2 - 2*k. Is b(-1) composite?
False
Let b = -1 - 3. Let l = 9 + b. Suppose 0 = -l*p + 7 + 328. Is p a prime number?
True
Let u(j) = -2*j**2 + 11*j - 1. Let k be u(5). Suppose 5*f - 951 = k*o, -f = 4*o - 123 - 72. Is f prime?
True
Suppose 0 = -3*w + w - 28. Let b(m) be the second derivative of m**4/12 + 5*m**3/3 - 3*m**2/2 - m. Is b(w) composite?
False
Let g(h) = 3*h**3 - 33*h**2 + 6*h - 45. Is g(16) a prime number?
False
Let d be ((-172)/8 + -3)*2. Let f = d + 188. Is f composite?
False
Let a(t) = 6*t**2 - 7*t - 4. Suppose r + 0*r - 52 = 3*b, b + 2*r + 8 = 0. Let s be (-6)/8 - 156/b. Is a(s) a prime number?
True
Suppose 19*f - 13*f - 60 = 0. Let m(p) = -p**3 + 6*p**2 - 10*p - 13. Let x(r) = -r**2. Let h(d) = m(d) - 6*x(d). Is h(f) a composite number?
True
Suppose -2*z = -2*u + 2*z + 28, -5*u - 4*z = 0. Suppose 13*q - u*q = 585. Is q a prime number?
False
Let b(z) be the first derivative of -3*z**4 + z**3/3 - 7*z**2/2 - z + 28. Suppose -r = 4*r + 25. Is b(r) prime?
True
Let k be (-2)/(-5) - 162/(-45). Suppose -3498 = -k*q + q. Let v = 2019 - q. Is v a prime number?
True
Suppose 3*u - 3856 = 4*f - 6*f, 0 = 3*f - 2*u - 5797. Is f composite?
False
Let y(m) = 28*m**2 + 8*m - 5*m - 6*m. Is y(2) prime?
False
Let d(f) = -63*f + 1. Let q be d(-11). Suppose -b + 14 = 2*x + 472, -3*x - q = -2*b. Let u = 393 + x. Is u prime?
True
Suppose 24*z - 368863 = -114871. Is z prime?
False
Let x be (2/(-4))/(2/(-84)). Suppose x = -4*j + 1, -i - 89 = -j. Is (5/2)/((-1)/i) a composite number?
True
Let y(c) = c + 4. Let k be y(-3). Let m(v) be the first derivative of 305*v**3/3 + v**2 - 222. Is m(k) a prime number?
True
Let o(x) = x**2 - 13*x - 11. Let j be o(14). Suppose -v - 16 = -j*v. Suppose 5*z + 1455 = v*z. Is z prime?
False
Suppose 0*l - 3*l + 42 = 0. Suppose 0 = -11*g + l*g. Suppose g = v - 335 - 422. Is v prime?
True
Is 23115/4 - ((-82)/8 - -10) prime?
True
Suppose 9*u + 1415 = 14*u. Suppose 5 - 3 = -g, 0 = j + 5*g - u. Is j prime?
True
Suppose f = -2*b + 4123, -10309 = -5*b + 14*f - 16*f. Is b composite?
False
Suppose 5 = 3*h - 4. Suppose -h*s = 15 - 3. Is 3/(-6)*s - -176 a prime number?
False
Let t(a) = -a**2 + 6*a. Let m be t(6). Suppose c = m, 174 = 5*f + 2*c - 1. Is 21/f - (-144)/10 composite?
True
Suppose 2949*u = 2948*u + 4201. Is u a composite number?
False
Let m = -47 + 49. Suppose m*c - 2532 = -4*g, -c - 16 = -5*c. Is g composite?
False
Let p(r) = 2*r**2 + 7*r - 83. Is p(36) composite?
True
Let u(r) = 37*r**2 + 54*r + 3. Is u(-10) composite?
False
Let t(j) = j + 691. Let o be 1 - (-4 - 0)/(-4). Is t(o) prime?
True
Let i be 34089/9 - 2/(-6). Is 4/20 + i/10 composite?
False
Let m(t) = t**2 - 19*t + 43. Let x be m(17). Is (x/(-18))/((-3 + 1)/26428) prime?
True
Suppose -5*u = -3*t - 54620, -16*u = -11*u - 2*t - 54615. Is u prime?
False
Suppose -2*u = -0*u - 4. Suppose 42 = u*w + 5*w. Suppose 2310 - 324 = w*q. Is q prime?
True
Let u(k) = 42*k**2 + 2*k + 3. Let f be u(-1). Suppose 0 = -0*t + t - f. Is t prime?
True
Suppose v + 3*v + 8 = 0. Let r = -7 - v. Is (r/(-3))/((-6)/(-306)) composite?
True
Let z = 26 + -10. Suppose 30 = w - z. Suppose -2*r + w = -756. Is r a composite number?
False
Let v(k) = 11*k + 8 - 3*k**2 - 9 + 2*k**2. Let q be 4/(-6)*(-5 + -7). Is v(q) composite?
False
Let y be ((-528)/10)/(10/(-75)). Suppose -4*o + q + y = 5*q, -4*q + 16 = 0. Suppose -5*c - o = -2*n - 3470, 0 = -3*c + 2*n + 2021. Is c composite?
False
Let a be (5 - (-155)/(-35))/(4/14). Suppose 5*h + 843 = k, -k + a*h + 405 = -444. Is k prime?
True
Is (-6)/((-18)/20589)*(-1 - -2) a prime number?
True
Suppose -68*c + 65*c + 92975 = o, 0 = -2*o + 4. Is c a composite number?
True
Let n be ((-6)/8)/((-51)/136). Suppose -2*x - 10 = 0, 579 = 4*s - n*x + 85. Is s composite?
True
Let u(i) = i**2 + 5*i - 4. Let v be u(-4). Let a be v/(-24)*7*3. Suppose a*g - 948 = 3*g. Is g composite?
True
Let x(r) be the second derivative of 4*r**3/3 - 3*r**2/2 - 4*r. Let j be x(4). Suppose -g - j = -240. Is g a composite number?
False
Let b = -113 + 1786. Let t = b - 196. Is t prime?
False
Suppose 20*f = -f + 169701. Is f a composite number?
False
Suppose -11 = -4*c + o, -2*c + 36 = 5*o + 3. Suppose f - 12 = -5*y, 0*y - 2*y + 14 = 5*f. Suppose -12 = c*d, d = -3*l - y*l + 572. Is l composite?
True
Suppose 34*c = -24*c + 726798. Is c composite?
True
Let o(f) = 6*f**3 + f**2 - 8*f - 18. Let u(r) = r**2 - r - 1. Let c(v) = -o(v) + 6*u(v). Is c(-5) a composite number?
False
Suppose 0*m = -3*m + 3*n + 27, 2*m - 14 = n. Let b(s) = -s**2 + 10*s - 4. Is b(m) composite?
True
Let g = 887 + -454. Suppose 0*u + 4*u = 5*p - g, -2*p = -2*u - 172. Is p a composite number?
False
Suppose -a + y = -8748, 0 = -2*a + 4*y - 1528 + 19026. Is a a composite number?
False
Let v(q) = -4*q**2 + 3*q - 3. Let i be v(9). Let k = i - -491. Is k composite?
False
Let y = -11249 - -20836. Is y composite?
False
Let l = 7118 - 3741. Is l composite?
True
Suppose -423 - 57 = -3*q. Suppose 5*o - 741 = 2*w + 81, -q = -o - 4*w. Suppose -2*v + 4*v = 2*x + o, 4*x = 2*v - 170. Is v a prime number?
True
Suppose -2*f + 4*f + 5110 = 5*b, 2*f = b - 1030. Suppose i + 5*l - 352 = 0, -3*i - 6*l + b = -3*l. Is i a prime number?
True
Suppose -4*q - 3*g = -2*g - 9642, 0 = -g - 2. Is q prime?
True
Is 24/40 - (-48010)/25 a prime number?
False
Let d be (-6)/15 - 44/(-10). Suppose d*s - 3 = 3*s. Is (s + -2)/(9/1449) prime?
False
Suppose -6*v + 8 = -2*v, 4*v = 2*u. Is u/6 + 700/12 composite?
False
Suppose -24296 = -7*a - 9225. Is a composite?
False
Suppose -29*b = -24*b - 2435. Let i = 866 - b. Is i composite?
False
Let r(m) be the first derivative of m**4/4 - 7*m**3/3 + m**2/2 - 5*m + 6. Let x be r(7). Suppose -5*p + k = -109, 88 = 4*p - 3*k + x*k. Is p a composite number?
True
Let f = -778 + 2922. Suppose -f = -4*m - 348. Is m composite?
False
Suppose -3*f + 832 = -2*m + 59, f - 255 = 2*m. Is f prime?
False
Is ((-2)/4 - (-15)/(-30)) + 3332 a prime number?
True
Let k(b) be the second derivative of 191*b**4/6 - 2*b**3/3 - 2*b**2 + 6*b. Is k(-1) prime?
False
Let c = -2408 + 4026. Let f = c - 951. Is f composite?
True
Let u be 3/(-2)*(-70)/21. Let n(w) = 8*w**2 - 5*w + 16. Is n(u) composite?
False
Suppose -20 = -4*y, b - 2*y + 20 = 3*b. Suppose 0*r = -b*r + 10. Suppose r*u = 149 + 33. Is u a composite number?
True
Is (272/(-51) + 6)*29874/4 a composite number?
True
Let o(a) = -a**2 + 6*a + 3. Let k be o(6). Suppose 4*p - 16 = -5*f, 5*f - p - 23 = 2*p. Sup